{"id":15058,"date":"2021-01-06T19:54:22","date_gmt":"2021-01-06T18:54:22","guid":{"rendered":"http:\/\/preview.cdu-main-tauber.de\/?page_id=15058"},"modified":"2025-03-28T09:22:34","modified_gmt":"2025-03-28T08:22:34","slug":"kontakt","status":"publish","type":"page","link":"https:\/\/cdu-main-tauber.de\/?page_id=15058","title":{"rendered":"KONTAKT"},"content":{"rendered":"<p>[vc_row bg_type=&#8220;bg_color&#8220; bg_override=&#8220;ex-full&#8220; css=&#8220;.vc_custom_1629950748207{padding-top: 25px !important;background-position: center !important;background-repeat: no-repeat !important;background-size: cover !important;}&#8220;][vc_column width=&#8220;1\/2&#8243;]<div id=\"ultimate-heading-75686a04fa5415edc\" class=\"uvc-heading ult-adjust-bottom-margin ultimate-heading-75686a04fa5415edc uvc-8173  uvc-heading-default-font-sizes\" data-hspacer=\"no_spacer\"  data-halign=\"left\" style=\"text-align:left\"><div class=\"uvc-heading-spacer no_spacer\" style=\"top\"><\/div><div class=\"uvc-main-heading ult-responsive\"  data-ultimate-target='.uvc-heading.ultimate-heading-75686a04fa5415edc h2'  data-responsive-json-new='{\"font-size\":\"\",\"line-height\":\"\"}' ><h2 style=\"--font-weight:theme;margin-bottom:25px;\">DIE KREISGESCH\u00c4FTSSTELLE<\/h2><\/div><\/div>[vc_column_text css_animation=&#8220;fadeInDown&#8220;]Gerne k\u00f6nnen Sie sich bei Fragen oder Anregungen auch telefonisch oder per Email an unseren CDU Kreisgesch\u00e4ftsf\u00fchrer (derzeit vakant)\u00a0wenden. Sie erreichen ihn unter:<\/p>\n<p><strong>Email:<\/strong> <a href=\"mailto:info@cdu-main-tauber.de\">info(at)cdu-main-tauber.de<\/a><\/p>\n<p><strong>Telefon:<\/strong> 09341 \/ 2449[\/vc_column_text][\/vc_column][vc_column width=&#8220;1\/2&#8243; css=&#8220;.vc_custom_1610042192671{padding-bottom: 50px !important;}&#8220;][vc_gmaps link=&#8220;#E-8_JTNDaWZyYW1lJTIwc3JjJTNEJTIyaHR0cHMlM0ElMkYlMkZ3d3cuZ29vZ2xlLmNvbSUyRm1hcHMlMkZlbWJlZCUzRnBiJTNEJTIxMW0xOCUyMTFtMTIlMjExbTMlMjExZDI2NjYuNTcyOTg3MjMwNzQ2NSUyMTJkOS42NjAzMTEyMDYxODczJTIxM2Q0OS42MjI1OTcyNjA3MzUyNCUyMTJtMyUyMTFmMCUyMTJmMCUyMTNmMCUyMTNtMiUyMTFpMTAyNCUyMTJpNzY4JTIxNGYxMy4xJTIxM20zJTIxMW0yJTIxMXMweDQ3YTJhMDA1ODZkMWU1N2IlMjUzQTB4NDliNzZkYmUxMTczNzA3MyUyMTJzSGF1cHRzdHJhJTI1QzMlMjU5RmUlMjUyMDQzJTI1MkMlMjUyMDk3OTQxJTI1MjBUYXViZXJiaXNjaG9mc2hlaW0lMjE1ZTAlMjEzbTIlMjExc2RlJTIxMnNkZSUyMTR2MTYxMDA0MTA2NTcyNCUyMTVtMiUyMTFzZGUlMjEyc2RlJTIyJTIwd2lkdGglM0QlMjI2MDAlMjIlMjBoZWlnaHQlM0QlMjI0NTAlMjIlMjBmcmFtZWJvcmRlciUzRCUyMjAlMjIlMjBzdHlsZSUzRCUyMmJvcmRlciUzQTAlM0IlMjIlMjBhbGxvd2Z1bGxzY3JlZW4lM0QlMjIlMjIlMjBhcmlhLWhpZGRlbiUzRCUyMmZhbHNlJTIyJTIwdGFiaW5kZXglM0QlMjIwJTIyJTNFJTNDJTJGaWZyYW1lJTNF&#8220;][\/vc_column][\/vc_row]<\/p>\n","protected":false},"excerpt":{"rendered":"<p>[vc_row bg_type=&#8220;bg_color&#8220; bg_override=&#8220;ex-full&#8220; css=&#8220;.vc_custom_1629950748207{padding-top: 25px !important;background-position: center !important;background-repeat: no-repeat !important;background-size: cover !important;}&#8220;][vc_column width=&#8220;1\/2&#8243;][vc_column_text css_animation=&#8220;fadeInDown&#8220;]Gerne k\u00f6nnen Sie sich bei Fragen oder Anregungen auch telefonisch oder per Email an unseren CDU Kreisgesch\u00e4ftsf\u00fchrer (derzeit vakant)\u00a0wenden. Sie erreichen ihn unter: Email: info(at)cdu-main-tauber.de Telefon: 09341 \/ 2449[\/vc_column_text][\/vc_column][vc_column width=&#8220;1\/2&#8243; css=&#8220;.vc_custom_1610042192671{padding-bottom: 50px !important;}&#8220;][vc_gmaps link=&#8220;#E-8_JTNDaWZyYW1lJTIwc3JjJTNEJTIyaHR0cHMlM0ElMkYlMkZ3d3cuZ29vZ2xlLmNvbSUyRm1hcHMlMkZlbWJlZCUzRnBiJTNEJTIxMW0xOCUyMTFtMTIlMjExbTMlMjExZDI2NjYuNTcyOTg3MjMwNzQ2NSUyMTJkOS42NjAzMTEyMDYxODczJTIxM2Q0OS42MjI1OTcyNjA3MzUyNCUyMTJtMyUyMTFmMCUyMTJmMCUyMTNmMCUyMTNtMiUyMTFpMTAyNCUyMTJpNzY4JTIxNGYxMy4xJTIxM20zJTIxMW0yJTIxMXMweDQ3YTJhMDA1ODZkMWU1N2IlMjUzQTB4NDliNzZkYmUxMTczNzA3MyUyMTJzSGF1cHRzdHJhJTI1QzMlMjU5RmUlMjUyMDQzJTI1MkMlMjUyMDk3OTQxJTI1MjBUYXViZXJiaXNjaG9mc2hlaW0lMjE1ZTAlMjEzbTIlMjExc2RlJTIxMnNkZSUyMTR2MTYxMDA0MTA2NTcyNCUyMTVtMiUyMTFzZGUlMjEyc2RlJTIyJTIwd2lkdGglM0QlMjI2MDAlMjIlMjBoZWlnaHQlM0QlMjI0NTAlMjIlMjBmcmFtZWJvcmRlciUzRCUyMjAlMjIlMjBzdHlsZSUzRCUyMmJvcmRlciUzQTAlM0IlMjIlMjBhbGxvd2Z1bGxzY3JlZW4lM0QlMjIlMjIlMjBhcmlhLWhpZGRlbiUzRCUyMmZhbHNlJTIyJTIwdGFiaW5kZXglM0QlMjIwJTIyJTNFJTNDJTJGaWZyYW1lJTNF&#8220;][\/vc_column][\/vc_row]<\/p>\n","protected":false},"author":1,"featured_media":0,"parent":0,"menu_order":0,"comment_status":"closed","ping_status":"closed","template":"","meta":[],"_links":{"self":[{"href":"https:\/\/cdu-main-tauber.de\/index.php?rest_route=\/wp\/v2\/pages\/15058"}],"collection":[{"href":"https:\/\/cdu-main-tauber.de\/index.php?rest_route=\/wp\/v2\/pages"}],"about":[{"href":"https:\/\/cdu-main-tauber.de\/index.php?rest_route=\/wp\/v2\/types\/page"}],"author":[{"embeddable":true,"href":"https:\/\/cdu-main-tauber.de\/index.php?rest_route=\/wp\/v2\/users\/1"}],"replies":[{"embeddable":true,"href":"https:\/\/cdu-main-tauber.de\/index.php?rest_route=%2Fwp%2Fv2%2Fcomments&post=15058"}],"version-history":[{"count":31,"href":"https:\/\/cdu-main-tauber.de\/index.php?rest_route=\/wp\/v2\/pages\/15058\/revisions"}],"predecessor-version":[{"id":15275,"href":"https:\/\/cdu-main-tauber.de\/index.php?rest_route=\/wp\/v2\/pages\/15058\/revisions\/15275"}],"wp:attachment":[{"href":"https:\/\/cdu-main-tauber.de\/index.php?rest_route=%2Fwp%2Fv2%2Fmedia&parent=15058"}],"curies":[{"name":"wp","href":"https:\/\/api.w.org\/{rel}","templated":true}]}}